- -1). Let q(y) = 0*y + 0*y + 4 - y**2 - 3*y + 0*y**p. Calculate q(-5).
-6
Let w(f) = 2*f**2 + 3*f + 2. Let o(y) = y**2 - 5*y - 9. Let m be o(6). Determine w(m).
11
Let q(l) = l**2 - 6. Let m be (0*(0 - 1))/(-3). Calculate q(m).
-6
Suppose z = 4*c, 3*c = 4*z - c - 24. Let y(i) = -i + 9. Let j be y(z). Let d(l) be the third derivative of l**4/8 + 2*l**2. Calculate d(j).
3
Let i(y) = -5*y**2 - 4*y**2 + y + 2*y**2 + 6*y**2 - y**3. Let z(q) = 2*q + 8. Let v be z(-4). Give i(v).
0
Let p(z) = z**3 + z**2 + 11. Suppose 0 = -6*y + y. What is p(y)?
11
Let m(p) = p**2 - 11*p + 13. Let z = 14 + -3. Give m(z).
13
Let l(y) = -4*y - 33. Let r be l(-8). Let f(q) = 11*q + 1. What is f(r)?
-10
Let n(s) = -s + s - s - 7*s**2 + 0*s. Determine n(1).
-8
Let m(s) = -s - 6. Suppose -3*a - 8*w = -4*w - 31, -4*a + 35 = -w. Let y = -11 + a. Let q be y/(1 - (-2)/(-3)). Calculate m(q).
0
Suppose -19 = 3*h - 1. Let a(z) = 4*z - 9 - 5 + z**2 - 2*z**2. Let s(i) = i**2 - 5*i + 15. Let r(c) = h*a(c) - 5*s(c). Calculate r(0).
9
Let q(n) = -n**2 + 4*n - 1. Let h be 1 + -2 + 48/(-4). Let d be (h - -7)*2/(-3). Calculate q(d).
-1
Let p(z) = z - 2. Let j(g) = -g + 2. Let r(a) = 7*j(a) + 6*p(a). Determine r(5).
-3
Let z(p) = -p**3 + 9*p**2 - 7*p - 5. Let n(u) = -u**3 + 3*u**2 + 2*u. Let a be n(2). Determine z(a).
3
Let g = -10 - -6. Let w be g/10 + 6/15. Suppose 4*h - 3 - 9 = w. Let o(m) = -m**3 + 4*m**2 - 3*m + 2. What is o(h)?
2
Let v(j) = -j**2 + 6*j - 2. Suppose -5*w + 4*w + 5 = 0. What is v(w)?
3
Let b(n) = n**3 + 2*n**2 + 3*n + 5. Let l(g) = -g**3 - g**2 - 2*g - 5. Let w(d) = -6*b(d) - 5*l(d). Calculate w(-5).
-15
Let p(h) = -h**3 + 4*h**2 - 2. Let m = 92 - 88. What is p(m)?
-2
Let o(q) = 30 - 41 + 18 + 7*q - q**2. Determine o(7).
7
Let j be 21/6*(5 - 1). Suppose -3 = -y + t - 1, -y - 5*t = -j. Let i(q) = 0*q + 3 - y + q. Give i(0).
-1
Let f = -132 + 131. Let c(r) = -7*r**2 + r + 1. Give c(f).
-7
Let p(m) = -m**3 + 4*m**2 - 2*m + 4. Suppose b - 6 = -b. Determine p(b).
7
Let q(f) be the third derivative of f**4/24 + f**3/3 + f**2. Let m(c) = c**2 + 8*c + 1. Let l be m(-8). Suppose j - o = l, o = 5*j - 26 + 5. Give q(j).
7
Let d = -64 + 64. Let t(n) = -n**2 + n - 5. Determine t(d).
-5
Let u(k) = 5*k + 4. Suppose -2*s - 3*x = 7, 5*s + 0*x - x = 25. Let r(d) = 11*d + 7. Let f(z) = s*r(z) - 9*u(z). Determine f(-6).
-2
Let i(u) = -9*u - 12*u**2 - 21 + 84 - u**3 - 47. Determine i(-11).
-6
Let i be ((-15)/(-25))/((-3)/(-15)). Let z(y) = -4 + i*y + 0 + 9. Calculate z(-4).
-7
Let b = -5 - -26. Suppose -8 = 2*p - 4*d, 2*p + d + 0*d - 2 = 0. Suppose 5*y = 4*w - b, 5*w + p*w = -5. Let l(z) = -z**3 - 4*z**2 + 7*z + 3. Determine l(y).
-7
Let r(f) = f - 1. Let c(i) = -3*i + 3. Let p(l) = 5*c(l) + 12*r(l). What is p(5)?
-12
Let u(a) = -a - 4. Suppose -t - 4*t = 35. Let c = -5 - t. Let g be 3 + (42/(-3))/c. Calculate u(g).
0
Let q(g) = g + 2. Let k = -13 - -21. Suppose 6*o = 4*o + k. Calculate q(o).
6
Let p(s) = -s**2 - 5*s + 5. Let a(g) = -g**3 - 7*g**2 - 1. Let d be a(-7). Let k be (-1 - -1) + 2 - d. Suppose k = -f - x - 7, 3*f + 4*x = -35. What is p(f)?
5
Let x(w) = w**2 + w - 2. Let q(o) = -3*o**2 - 2*o + 3. Let r(j) = -2*q(j) - 5*x(j). Determine r(3).
10
Let w be (-2)/(-5 - -7) - 4. Let n(q) = q**2 - 3*q**2 - q**3 - 7*q - 2 - 4*q**2. Give n(w).
8
Suppose -u - 2 = -0*u. Let x = u - -1. Let z(o) = -o**3 - o. Let i(l) = -7*l. Let j(a) = i(a) - 6*z(a). What is j(x)?
-5
Let l(c) = c**2 - 1 + 13*c**2 - 6*c**2 - 2*c + 7*c**2. Calculate l(-1).
16
Suppose o + 4 = -3*o. Let g be -2 + o + (-8 - -17). Let y(v) = -v**2 + 6*v. Determine y(g).
0
Suppose -7*n = -5*w - 3*n + 50, 5*n = 0. Let b = w + -6. Let y(j) = j - b*j - j + j. Give y(-3).
9
Let q(o) = 5*o + 1. Let g(w) = 11*w + 2. Let f(b) = -4*g(b) + 9*q(b). What is f(-5)?
-4
Let q = -4 + 6. Let r(v) = 12*v + v**2 - 8*v + q*v + 3. Determine r(-5).
-2
Suppose -8 = -4*h - 0*h. Let l(q) = -7*q + 5 + q**h + 3 - 11 + 2. Give l(7).
-1
Let t(m) = m**3 - 5*m**2 + 7. Let d be 2/4 + 18/4. Let k(b) = 2*b - d - 2*b + b. Let p be k(10). What is t(p)?
7
Let y(m) be the first derivative of m**3 + 4*m**2 + 4*m + 8. Let w be y(-3). Let r(o) = -o**2 + 7*o - 2. Determine r(w).
-2
Let m(q) be the third derivative of 3*q**4/8 + q**3/2 + 4*q**2. Let w(v) = 18*v + 7. Let i(c) = -5*m(c) + 2*w(c). Calculate i(1).
-10
Let p(t) = -t**2 + 6*t - 5. Let w be 2/10 + (-204)/(-30). Calculate p(w).
-12
Suppose -5*c + 5*b - 10 = 0, -3*c - 2*c + 14 = 3*b. Let o(a) = -c - a + 16*a + 1. Determine o(1).
15
Let t(y) = -5*y**3 + 7*y**2 - 9*y - 8. Let n(r) = 4*r**3 - 7*r**2 + 9*r + 8. Let p(i) = -6*n(i) - 5*t(i). What is p(-8)?
0
Suppose n + 5*f + 2 = -4, 4*n + 5*f - 6 = 0. Let x(g) = 0 - 4*g + n*g - g - 2. Calculate x(-2).
0
Suppose -4*o - 61 = o - 2*s, 2*o + 31 = 3*s. Let c(l) = l**2 + 10*l - 4. Let u be c(o). Let p(z) = 0*z**2 + z**2 - 5*z + u*z. Calculate p(-3).
3
Let q = 11 + -7. Suppose 2*y = q*z - 6, 3*y - 7*y = -2*z. Let n(j) = -3*j - 2. What is n(z)?
-8
Suppose 2*y + 0*w - 3*w = -6, -2*y - 6 = 2*w. Let i(v) = -v - 2. Determine i(y).
1
Let u be (8/(-24))/(1/(-12)). Let j(p) = -p + 4. Determine j(u).
0
Let y(m) = -m**3 - 6*m**2 - 3*m + 7. Suppose -5 = 8*q - 6*q - t, 0 = 5*q - 3*t + 10. What is y(q)?
-3
Let u be 1/(((-1)/3)/(-1)). Suppose c + u = 2. Let s(v) = -v**3 - 2*v - 2*v**2 - 2 + 1 - 2*v**3. What is s(c)?
2
Let q(z) = -4*z**3 + z + z**2 - 3 + 0*z**2 + 5*z**3. Let v = 38 + -38. Calculate q(v).
-3
Suppose 4*g + 5*j + 6 = -16, 10 = -g + j. Let b = 6 + g. Let u be 4/2 + b - 0. Let v(n) = n**3 - n**2 - n + 4. Give v(u).
4
Let w(v) = 7*v**3 + 12 + 4*v**3 - 12 + v**2. Let r be -2 + (-1 - (0 + -2)). Calculate w(r).
-10
Let m(b) = b + 3. Suppose 12*u - 4*u = -2*u. Give m(u).
3
Let g = -41 - -48. Let z(x) = -x**3 + 8*x**2 - 9*x + 1. Determine z(g).
-13
Let r(j) = j. Suppose 2*v + 4*z - 1 = -3, 0 = 5*v + 5*z + 10. Calculate r(v).
-3
Let t(n) = -6 + 0*n**3 + 7 - 6*n**2 - n**3 - 7*n - 8. What is t(-5)?
3
Suppose -3*u + 0*u = 45. Let k(p) = p**2 + 15*p - 3. Let f be k(u). Let m(j) be the second derivative of j**4/12 + j**2/2 + j. Calculate m(f).
10
Let h(c) = c**3 + 3*c**2 - 5*c - 2. Suppose x - 3*i = 15, -2*x + i + 22 = -3*i. Suppose 14 = -x*t + 2. Calculate h(t).
2
Let v(l) = 15*l**3 + 5*l**2 - 10*l - 1. Let b(g) = 7*g**3 + 2*g**2 - 5*g. Let r(y) = -13*b(y) + 6*v(y). Calculate r(5).
-6
Let s(g) = g - 2. Let r be s(2). Suppose -6 + 0 = -3*b. Suppose b*z + 10 = -r. Let c(n) = -n**2 - 7*n - 5. Calculate c(z).
5
Let c(p) = -3*p**3 + 4*p**2 - 6*p + 5. Let r(x) = -x**3 + x**2 - x + 1. Let y(v) = -c(v) + 4*r(v). Give y(2).
-5
Let c(z) = 44*z**2 - 86*z**2 + 2 + 43*z**2 - 4*z + 4. What is c(4)?
6
Let z(x) = 5*x + 15. Let i(a) = 3*a + 8. Let q(h) = 7*i(h) - 4*z(h). Let t be (-1 + 1 - 2) + (51 - 44). Determine q(t).
1
Let w(v) = 5*v. Let k be -2 + 2 + 1/(-1). Give w(k).
-5
Let s be ((-6)/6 - -6) + -1. Let i(f) = -4*f + 1. Determine i(s).
-15
Let t be ((-24)/3)/(-2) - 1. Suppose -y = t + 1. Let w(u) = -u**3 - 4*u**2 - 2*u - 3. Calculate w(y).
5
Let h(c) = -4*c**2 + 4*c - 4. Let k(s) = 16 + 15*s**2 - 4*s - 4*s**2 - 3 - 9*s. Let d(i) = 8*h(i) + 3*k(i). What is d(5)?
-3
Let k(l) = l**3 - 7*l**2 + 7*l. Suppose 2*a = 3*w - 12, 6*w - 3 = 4*w + 3*a. Determine k(w).
6
Let a(p) be the third derivative of -p**6/120 - p**5/12 + p**4/12 - 5*p**2. Determine a(-5).
-10
Let m(j) = -j + 11. Let f be m(8). Let o(z) = -2*z**2 + z - 1. What is o(f)?
-16
Let h(m) be the first derivative of -m**2/2 + 8*m + 15. Determine h(4).
4
Let l(k) be the third derivative of k**4/12 - k**3/3 - 4*k**2. Give l(-2).
-6
Let h(v) = -9*v**3 + v**2 + v - 1. Let b(p) = -p**2 + p. Let l(u) = -b(u) - h(u). Give l(1).
8
Let n(h) = -5*h - 2. Suppose 15 = -23*x + 18*x. Calculate n(x).
13
Let b(u) be the third derivative of u**9/60480 - u**8/5040 + u**7/1680 + u**6/360 - u**5/60 - u**2. Let t(y) be the third derivative of b(y). Determine t(3).
2
Let l(u) = u + u**2 + 8 + 4 + 0 - 2*u. Let i be 1/5 - (-2)/(-10). What is l(i)?
12
Let k = -8 + 5. Let d(y) be the second derivative of -y**5/60 - y**4/24 + y**3/6 - y. Let u(t) be the second derivative of d(t). Determine u(k).
5
Let l = 17 + -20. Let o(g) = -g**2 - 2*g. Give o(l).
-3
Let x(n) = n**3 + 2*n**2 + n + 1. Suppose -5*w + 12*w + 7 = 0. Give x(w).
1
Let v(s) = s**2. Let m(y) = -13*y**2 + y - 1